{"id":569,"date":"2026-01-29T17:17:11","date_gmt":"2026-01-29T16:17:11","guid":{"rendered":"https:\/\/werktraum33.at\/shop\/?post_type=product&#038;p=569"},"modified":"2026-04-27T05:47:24","modified_gmt":"2026-04-27T03:47:24","slug":"babybox-premium","status":"publish","type":"product","link":"https:\/\/werktraum33.at\/shop\/produkt\/babybox-premium\/","title":{"rendered":"Babybox Premium"},"content":{"rendered":"<p>Die <strong>Babybox Premium<\/strong> ist das perfekte Geschenk zur Geburt. Jede Box wird liebevoll zusammengestellt.<br \/>\nDer Holzdeckel der Box wird individuell mit dem <strong>Namen des Babys<\/strong> und optional mit <strong>Geburtsdatum, Geburtszeit und Gewicht<\/strong> personalisiert.<br \/>\nSo entsteht ein einzigartiges Andenken, das Eltern ein Leben lang begleitet.<\/p>\n<div>\n<h4><strong>Was die Babybox Premium so besonders macht<\/strong><\/h4>\n<p>Die Kombination aus hochwertigen Materialien, zauberhaften Designs und individueller Personalisierung macht diese Geschenkbox zu einem besonderen Highlight \u2013 ideal f\u00fcr Neugeborene und frischgebackene Eltern.<\/p>\n<h3><strong>Inhalt der Babybox Premium<\/strong><\/h3>\n<div>\n<h3><strong>1. Baby Langarm\u2011 oder Kurzarm-Body aus Bio\u2011Baumwolle<\/strong><\/h3>\n<ul>\n<li>Gr\u00f6\u00dfe 62, perfekt f\u00fcr die ersten Wochen und Monate<\/li>\n<li>99\u202f% gek\u00e4mmte Bio\u2011Baumwolle, 1\u202f% Elasthan<\/li>\n<li>wahlweise mit <strong>rosa oder blauem B\u00e4ren\u2011Motiv<\/strong><\/li>\n<li>weich, atmungsaktiv und sanft zur empfindlichen Babyhaut<\/li>\n<li>Regular Fit f\u00fcr maximalen Komfort und Bewegungsfreiheit<\/li>\n<li>Waschbar bis maximal 40\u00b0 um den Druck zu schonen. Siehe auch unsere Pflegehinweise.<\/li>\n<\/ul>\n<h3><strong>2. Zwei personalisierte Spuckt\u00fccher<\/strong><\/h3>\n<ul>\n<li>mit dem Namen des Babys individuell veredelt<\/li>\n<\/ul>\n<h3><strong>3. Ein personalisierter Waschlappen<\/strong><\/h3>\n<ul>\n<li>mit dem Namen des Kindes individuell personalisiert<\/li>\n<li>Weich, saugstark und ideal f\u00fcr die t\u00e4gliche Pflege<\/li>\n<\/ul>\n<h3><strong>4. Ein personalisiertes Dreiecksl\u00e4tzchen<\/strong><\/h3>\n<ul>\n<li>perfekt f\u00fcr die ersten Breimahlzeiten oder als stylisches Accessoire<\/li>\n<\/ul>\n<h3><strong>5. Optional: personalisierte Babydecke<\/strong><\/h3>\n<ul>\n<li>Kuschelig weich<\/li>\n<li>mit Herz und Initial des Babys personalisiert<\/li>\n<li>In den Farben Vanille f\u00fcr M\u00e4dchen und Grau f\u00fcr Buben erh\u00e4ltlich\n<div>Die Farbe kann auf Wunsch auch getauscht werden \u2013 bitte gib deinen Farbwunsch einfach in den Anmerkungen bei der Bestellung an<\/div>\n<\/li>\n<\/ul>\n<h3><strong>Warum diese Babybox Premium das perfekte Geschenk ist<\/strong><\/h3>\n<div>\n<ul>\n<li><strong>Einzigartig &amp; pers\u00f6nlich<\/strong>: die personalisierte Box mit Holzdeckel wird zu einer bleibenden Erinnerung<\/li>\n<li><strong>Hochwertige Materialien<\/strong>: Body aus gek\u00e4mmter Bio-Baumwolle und liebevoll veredelte Textilien.<\/li>\n<li><strong>Praktisch &amp; emotional<\/strong>: alle Inhalte sind n\u00fctzlich im Babyalltag und gleichzeitig wertvolle Erinnerungsst\u00fccke.<\/li>\n<li><strong>Vielseitig einsetzbar<\/strong>: Die Baby\u2011Box eignet sich sp\u00e4ter ideal zur Aufbewahrung von wertvollen Erinnerungsst\u00fccken. Ebenso kann sie als praktische Spielzeug\u2011Aufbewahrungsbox genutzt werden und begleitet die Kleinen so noch viele Jahre weiter.<\/li>\n<\/ul>\n<div>\n<div class=\"Y3BBE\" data-sfc-cp=\"\" data-hveid=\"CAUQAA\" data-processed=\"true\">Weitere Informationen findest du auch in unseren <a title=\"FAQ - H\u00e4ufige Fragen und Antworten rund um unsere Produkte\" href=\"https:\/\/werktraum33.at\/shop\/faq\/\" target=\"_blank\" rel=\"noopener\">FAQs<\/a>.<\/div>\n<\/div>\n<\/div>\n<\/div>\n<\/div>\n","protected":false},"excerpt":{"rendered":"<p><strong>Das perfekte Geschenk!<\/strong><\/p>\n<p>Personalisierbare Babybox Premium mit edlem Holzdeckel bestehend aus:<\/p>\n<ul>\n<li>einem personalisierten Bio\u2011Langarm- oder Kurzarmbody<\/li>\n<li>zwei personalisierten Spuckt\u00fcchern<\/li>\n<li>einem Waschlappen und einem Dreiecksl\u00e4tzchen<\/li>\n<li>optional mit Babydecke in Vanille f\u00fcr M\u00e4dchen und Grau f\u00fcr Buben<\/li>\n<\/ul>\n<p>Perfekt als <strong>Geschenk zur Geburt<\/strong> oder <strong>zur Babyparty<\/strong> \u2013 liebevoll veredelt nach deinen W\u00fcnschen von werktraum33.<\/p>\n<p>Bitte beachte, dass personalisierte Artikel nicht retourniert werden k\u00f6nnen.<\/p>\n","protected":false},"featured_media":620,"comment_status":"open","ping_status":"closed","template":"","meta":[],"product_brand":[],"product_cat":[96],"product_tag":[210,209,175,176,211,212,213],"class_list":{"0":"post-569","1":"product","2":"type-product","3":"status-publish","4":"has-post-thumbnail","6":"product_cat-baby","7":"product_tag-babybody-bio-baumwolle","8":"product_tag-babybox-personalisiert","9":"product_tag-babybox-premium","10":"product_tag-babybox-premium-kaufen","11":"product_tag-geschenk-fuer-frischgebackene-eltern","12":"product_tag-werktraum33-babybox","13":"product_tag-werktraum33-babybox-premium","14":"product_shipping_class-paket_gross","16":"first","17":"instock","18":"shipping-taxable","19":"purchasable","20":"product-type-variable","21":"has-default-attributes"},"aioseo_notices":[],"_links":{"self":[{"href":"https:\/\/werktraum33.at\/shop\/wp-json\/wp\/v2\/product\/569","targetHints":{"allow":["GET"]}}],"collection":[{"href":"https:\/\/werktraum33.at\/shop\/wp-json\/wp\/v2\/product"}],"about":[{"href":"https:\/\/werktraum33.at\/shop\/wp-json\/wp\/v2\/types\/product"}],"replies":[{"embeddable":true,"href":"https:\/\/werktraum33.at\/shop\/wp-json\/wp\/v2\/comments?post=569"}],"wp:featuredmedia":[{"embeddable":true,"href":"https:\/\/werktraum33.at\/shop\/wp-json\/wp\/v2\/media\/620"}],"wp:attachment":[{"href":"https:\/\/werktraum33.at\/shop\/wp-json\/wp\/v2\/media?parent=569"}],"wp:term":[{"taxonomy":"product_brand","embeddable":true,"href":"https:\/\/werktraum33.at\/shop\/wp-json\/wp\/v2\/product_brand?post=569"},{"taxonomy":"product_cat","embeddable":true,"href":"https:\/\/werktraum33.at\/shop\/wp-json\/wp\/v2\/product_cat?post=569"},{"taxonomy":"product_tag","embeddable":true,"href":"https:\/\/werktraum33.at\/shop\/wp-json\/wp\/v2\/product_tag?post=569"}],"curies":[{"name":"wp","href":"https:\/\/api.w.org\/{rel}","templated":true}]}}

<p>Die <strong>Babybox Premium</strong> ist das perfekte Geschenk zur Geburt. Jede Box wird liebevoll zusammengestellt.<br />
Der Holzdeckel der Box wird individuell mit dem <strong>Namen des Babys</strong> und optional mit <strong>Geburtsdatum, Geburtszeit und Gewicht</strong> personalisiert.<br />
So entsteht ein einzigartiges Andenken, das Eltern ein Leben lang begleitet.</p>
<div>
<h4><strong>Was die Babybox Premium so besonders macht</strong></h4>
<p>Die Kombination aus hochwertigen Materialien, zauberhaften Designs und individueller Personalisierung macht diese Geschenkbox zu einem besonderen Highlight – ideal für Neugeborene und frischgebackene Eltern.</p>
<h3><strong>Inhalt der Babybox Premium</strong></h3>
<div>
<h3><strong>1. Baby Langarm‑ oder Kurzarm-Body aus Bio‑Baumwolle</strong></h3>
<ul>
<li>Größe 62, perfekt für die ersten Wochen und Monate</li>
<li>99 % gekämmte Bio‑Baumwolle, 1 % Elasthan</li>
<li>wahlweise mit <strong>rosa oder blauem Bären‑Motiv</strong></li>
<li>weich, atmungsaktiv und sanft zur empfindlichen Babyhaut</li>
<li>Regular Fit für maximalen Komfort und Bewegungsfreiheit</li>
<li>Waschbar bis maximal 40° um den Druck zu schonen. Siehe auch unsere Pflegehinweise.</li>
</ul>
<h3><strong>2. Zwei personalisierte Spucktücher</strong></h3>
<ul>
<li>mit dem Namen des Babys individuell veredelt</li>
</ul>
<h3><strong>3. Ein personalisierter Waschlappen</strong></h3>
<ul>
<li>mit dem Namen des Kindes individuell personalisiert</li>
<li>Weich, saugstark und ideal für die tägliche Pflege</li>
</ul>
<h3><strong>4. Ein personalisiertes Dreieckslätzchen</strong></h3>
<ul>
<li>perfekt für die ersten Breimahlzeiten oder als stylisches Accessoire</li>
</ul>
<h3><strong>5. Optional: personalisierte Babydecke</strong></h3>
<ul>
<li>Kuschelig weich</li>
<li>mit Herz und Initial des Babys personalisiert</li>
<li>In den Farben Vanille für Mädchen und Grau für Buben erhältlich
<div>Die Farbe kann auf Wunsch auch getauscht werden – bitte gib deinen Farbwunsch einfach in den Anmerkungen bei der Bestellung an</div>
</li>
</ul>
<h3><strong>Warum diese Babybox Premium das perfekte Geschenk ist</strong></h3>
<div>
<ul>
<li><strong>Einzigartig &amp; persönlich</strong>: die personalisierte Box mit Holzdeckel wird zu einer bleibenden Erinnerung</li>
<li><strong>Hochwertige Materialien</strong>: Body aus gekämmter Bio-Baumwolle und liebevoll veredelte Textilien.</li>
<li><strong>Praktisch &amp; emotional</strong>: alle Inhalte sind nützlich im Babyalltag und gleichzeitig wertvolle Erinnerungsstücke.</li>
<li><strong>Vielseitig einsetzbar</strong>: Die Baby‑Box eignet sich später ideal zur Aufbewahrung von wertvollen Erinnerungsstücken. Ebenso kann sie als praktische Spielzeug‑Aufbewahrungsbox genutzt werden und begleitet die Kleinen so noch viele Jahre weiter.</li>
</ul>
<div>
<div class="Y3BBE" data-sfc-cp="" data-hveid="CAUQAA" data-processed="true">Weitere Informationen findest du auch in unseren <a title="FAQ - Häufige Fragen und Antworten rund um unsere Produkte" href="https://werktraum33.at/shop/faq/" target="_blank" rel="noopener">FAQs</a>.</div>
</div>
</div>
</div>
</div>

<p><strong>Das perfekte Geschenk!</strong></p>
<p>Personalisierbare Babybox Premium mit edlem Holzdeckel bestehend aus:</p>
<ul>
<li>einem personalisierten Bio‑Langarm- oder Kurzarmbody</li>
<li>zwei personalisierten Spucktüchern</li>
<li>einem Waschlappen und einem Dreieckslätzchen</li>
<li>optional mit Babydecke in Vanille für Mädchen und Grau für Buben</li>
</ul>
<p>Perfekt als <strong>Geschenk zur Geburt</strong> oder <strong>zur Babyparty</strong> – liebevoll veredelt nach deinen Wünschen von werktraum33.</p>
<p>Bitte beachte, dass personalisierte Artikel nicht retourniert werden können.</p>
