{"id":1295,"date":"2026-03-20T19:34:08","date_gmt":"2026-03-20T18:34:08","guid":{"rendered":"https:\/\/werktraum33.at\/shop\/?post_type=product&#038;p=1295"},"modified":"2026-03-27T21:44:13","modified_gmt":"2026-03-27T20:44:13","slug":"baumwoll-geschenksackerl-mit-tiermotiven-pesonalisierbar","status":"publish","type":"product","link":"https:\/\/werktraum33.at\/shop\/produkt\/baumwoll-geschenksackerl-mit-tiermotiven-pesonalisierbar\/","title":{"rendered":"Baumwoll-Geschenksackerl mit Tiermotiven personalisierbar"},"content":{"rendered":"<h2>Personalisierbares Geschenksackerl aus Baumwolle mit s\u00fc\u00dfen Tiermotiven<\/h2>\n<div>\n<div>Dieses liebevoll gestaltete <strong>Geschenksackerl aus Baumwolle<\/strong> mit herzigem Tier-Motiven ist die perfekte M\u00f6glichkeit, kleine \u00dcberraschungen stilvoll und nachhaltig zu verpacken.<br \/>\nDurch <strong>seine\u00a0verschiedenen Gr\u00f6\u00dfen<\/strong> eignet es sich ideal f\u00fcr feine Aufmerksamkeiten wie hochwertige Schokolade oder kleine Spielsachen.<\/div>\n<div><\/div>\n<div>Der wei\u00dfe Baumwollbeutel ist hochwertig verarbeitet und bietet durch die Personalisierung mit Namen oder einem kurzen Wunschtext unendlich viele Gestaltungsm\u00f6glichkeiten.<\/div>\n<div>Im <strong class=\"Yjhzub\" data-sfc-cb=\"\" data-complete=\"true\" data-processed=\"true\">werk(t)raum33 <\/strong>wird jedes Sackerl pr\u00e4zise nach deinen Vorgaben veredelt.<\/div>\n<div><\/div>\n<div>Das nat\u00fcrliche Material ist strapazierf\u00e4hig,\u00a0<strong class=\"Yjhzub\" data-sfc-cb=\"\" data-complete=\"true\" data-processed=\"true\">vorgewaschen<\/strong>\u00a0und bleibt somit formstabil. Dank des praktischen Kordelzugs sind alle Sch\u00e4tze sicher verstaut.<\/div>\n<div><\/div>\n<\/div>\n<div>\n<div class=\"Y3BBE\" data-sfc-cp=\"\" data-sfc-cb=\"\" data-hveid=\"CAEIDBAA\" data-complete=\"true\" data-processed=\"true\"><strong class=\"Yjhzub\" data-sfc-cb=\"\" data-complete=\"true\" data-processed=\"true\">Produktdetails auf einen Blick:<\/strong><\/div>\n<ul class=\"KsbFXc U6u95\" data-sfc-cb=\"\" data-processed=\"true\" data-complete=\"true\">\n<li class=\"dF3vjf\" data-sfc-cb=\"\" data-hveid=\"CAEIDRAA\" data-complete=\"true\" data-sae=\"\"><span class=\"T286Pc\" data-sfc-cp=\"\" data-sfc-cb=\"\" data-complete=\"true\"><strong class=\"Yjhzub\" data-sfc-cb=\"\" data-complete=\"true\">Individuell gestaltbar:<\/strong>\u00a0Wunschtext oder Name frei w\u00e4hlbar \u2013 perfekt f\u00fcr eine pers\u00f6nliche Botschaft.<\/span><\/li>\n<li data-sfc-cb=\"\" data-hveid=\"CAEIDRAA\" data-complete=\"true\" data-sae=\"\"><strong>Verschiedene Gr\u00f6\u00dfen:<\/strong> das Geschenksackerl ist in den Gr\u00f6\u00dfen ca. 20 x 28 cm oder ca. 14 x 19 cm verf\u00fcgbar<\/li>\n<li class=\"dF3vjf\" data-sfc-cb=\"\" data-hveid=\"CAEIDRAB\" data-complete=\"true\" data-sae=\"\"><span class=\"T286Pc\" data-sfc-cp=\"\" data-sfc-cb=\"\" data-complete=\"true\"><strong class=\"Yjhzub\" data-sfc-cb=\"\" data-complete=\"true\">S\u00fc\u00dfe Tier-Motive:<\/strong> liebevoll gestaltetes Design, ideal f\u00fcr Kinder und Tierliebhaber.<\/span><\/li>\n<li class=\"dF3vjf\" data-sfc-cb=\"\" data-hveid=\"CAEIDRAC\" data-complete=\"true\" data-sae=\"\"><span class=\"T286Pc\" data-sfc-cp=\"\" data-sfc-cb=\"\" data-complete=\"true\"><strong class=\"Yjhzub\" data-sfc-cb=\"\" data-complete=\"true\">Nachhaltig &amp; Wiederverwendbar:<\/strong> aus 100 % Naturbaumwolle \u2013 die umweltfreundliche Alternative.<\/span><\/li>\n<li class=\"dF3vjf\" data-sfc-cb=\"\" data-hveid=\"CAEIDRAE\" data-sae=\"\" data-complete=\"true\"><span class=\"T286Pc\" data-sfc-cp=\"\" data-sfc-cb=\"\" data-complete=\"true\"><strong class=\"Yjhzub\" data-sfc-cb=\"\" data-complete=\"true\">Vorgewaschen:<\/strong> fachgerecht vorbearbeitet f\u00fcr maximale Formstabilit\u00e4t.<\/span><\/li>\n<li class=\"dF3vjf\" data-sfc-cb=\"\" data-hveid=\"CAEIDRAF\" data-complete=\"true\" data-processed=\"true\" data-sae=\"\"><span class=\"T286Pc\" data-sfc-cp=\"\" data-sfc-cb=\"\" data-complete=\"true\"><strong class=\"Yjhzub\" data-sfc-cb=\"\" data-complete=\"true\">Handveredelt im werk(t)raum:<\/strong>\u00a0Jedes\u00a0<strong class=\"Yjhzub\" data-sfc-cb=\"\" data-complete=\"true\">personalisierbare<\/strong> Geschenksackerl wird mit Liebe zum Detail gefertigt.<\/span><\/li>\n<\/ul>\n<div class=\"Y3BBE\" data-sfc-cp=\"\" data-sfc-cb=\"\" data-hveid=\"CAEIDhAA\" data-complete=\"true\" data-processed=\"true\" aria-owns=\"action-menu-parent-container\">Ob f\u00fcr die eigenen Kinder, das Patenkind oder als kleine Aufmerksamkeit f\u00fcr Freunde \u2013 dieses individuell veredelte Sackerl ist eine besondere Geschenkverpackung.<\/div>\n<\/div>\n<div>\n<p>Weitere Informationen findest du auch in unseren <a title=\"FAQ - H\u00e4ufige Fragen und Antworten rund um unsere Produkte\" href=\"https:\/\/werktraum33.at\/shop\/faq\/\" target=\"_blank\" rel=\"noopener\">FAQs<\/a>.<\/p>\n<\/div>\n","protected":false},"excerpt":{"rendered":"<h2 class=\"Y3BBE\" data-sfc-root=\"c\" data-hveid=\"CAEIAhAA\" data-complete=\"true\" data-processed=\"true\"><strong class=\"Yjhzub\" data-sfc-root=\"c\" data-sfc-cb=\"\" data-complete=\"true\" data-processed=\"true\" aria-owns=\"action-menu-parent-container\">Nachhaltig schenken \u2013 individuell und mit Liebe gemacht!<\/strong><\/h2>\n<div class=\"Y3BBE\" data-sfc-cp=\"\" data-sfc-root=\"c\" data-sfc-cb=\"\" data-hveid=\"CAEIAxAA\" data-complete=\"true\" data-processed=\"true\">Vergiss Einweg-Papier: Unser\u00a0<strong class=\"Yjhzub\" data-sfc-root=\"c\" data-sfc-cb=\"\" data-complete=\"true\" data-processed=\"true\">personalisiertes Geschenksackerl aus 100 % Baumwolle<\/strong> ist die stilvolle und umweltfreundliche Art, kleine Sch\u00e4tze zu verpacken.<\/div>\n<div class=\"Y3BBE\" data-sfc-cp=\"\" data-sfc-root=\"c\" data-sfc-cb=\"\" data-hveid=\"CAEIAxAA\" data-complete=\"true\" data-processed=\"true\">Ob hochwertige Schokolade oder feines Spielzeug \u2013 in verschiedenen verf\u00fcgbaren Gr\u00f6\u00dfen findet jede Aufmerksamkeit ihren Platz.<\/div>\n<div data-sfc-cp=\"\" data-sfc-root=\"c\" data-sfc-cb=\"\" data-hveid=\"CAEIBBAA\" data-complete=\"true\" data-processed=\"true\"><\/div>\n<div class=\"Y3BBE\" data-sfc-cp=\"\" data-sfc-root=\"c\" data-sfc-cb=\"\" data-hveid=\"CAEIBBAA\" data-complete=\"true\" data-processed=\"true\"><strong class=\"Yjhzub\" data-sfc-root=\"c\" data-sfc-cb=\"\" data-complete=\"true\" data-processed=\"true\">Deine Highlights auf einen Blick:<\/strong><\/div>\n<ul class=\"KsbFXc U6u95\" data-sfc-root=\"c\" data-sfc-cb=\"\" data-complete=\"true\" data-processed=\"true\">\n<li class=\"dF3vjf\" data-sfc-root=\"c\" data-sfc-cb=\"\" data-hveid=\"CAEIBRAA\" data-complete=\"true\" data-sae=\"\"><span class=\"T286Pc\" data-sfc-cp=\"\" data-sfc-root=\"c\" data-sfc-cb=\"\" data-complete=\"true\"><strong class=\"Yjhzub\" data-sfc-root=\"c\" data-sfc-cb=\"\" data-complete=\"true\">Individuell:<\/strong> personalisiert mit deinem\u00a0<strong class=\"Yjhzub\" data-sfc-root=\"c\" data-sfc-cb=\"\" data-complete=\"true\">Wunschnamen<\/strong>\u00a0oder einem <strong>kurzen Text<\/strong>.<\/span><\/li>\n<li class=\"dF3vjf\" data-sfc-root=\"c\" data-sfc-cb=\"\" data-hveid=\"CAEIBRAB\" data-complete=\"true\" data-sae=\"\"><span class=\"T286Pc\" data-sfc-cp=\"\" data-sfc-root=\"c\" data-sfc-cb=\"\" data-complete=\"true\"><strong class=\"Yjhzub\" data-sfc-root=\"c\" data-sfc-cb=\"\" data-complete=\"true\">Herzige Designs:<\/strong>\u00a0Liebevolle\u00a0<strong class=\"Yjhzub\" data-sfc-root=\"c\" data-sfc-cb=\"\" data-complete=\"true\">Tiermotive<\/strong>, die Jung und Alt gleicherma\u00dfen begeistern.<\/span><\/li>\n<li class=\"dF3vjf\" data-sfc-root=\"c\" data-sfc-cb=\"\" data-hveid=\"CAEIBRAC\" data-complete=\"true\" data-sae=\"\"><span class=\"T286Pc\" data-sfc-cp=\"\" data-sfc-root=\"c\" data-sfc-cb=\"\" data-complete=\"true\"><strong class=\"Yjhzub\" data-sfc-root=\"c\" data-sfc-cb=\"\" data-complete=\"true\">Premium-Qualit\u00e4t:<\/strong> strapazierf\u00e4hig,\u00a0<strong class=\"Yjhzub\" data-sfc-root=\"c\" data-sfc-cb=\"\" data-complete=\"true\">vorgewaschen<\/strong>\u00a0f\u00fcr maximale Formstabilit\u00e4t und mit praktischem Kordelzug.<\/span><\/li>\n<li class=\"dF3vjf\" data-sfc-root=\"c\" data-sfc-cb=\"\" data-hveid=\"CAEIBRAD\" data-complete=\"true\" data-sae=\"\"><span class=\"T286Pc\" data-sfc-cp=\"\" data-sfc-root=\"c\" data-sfc-cb=\"\" data-complete=\"true\"><strong class=\"Yjhzub\" data-sfc-root=\"c\" data-sfc-cb=\"\" data-complete=\"true\">Lokal veredelt:<\/strong> it Liebe zum Detail handgefertigt im\u00a0<strong class=\"Yjhzub\" data-sfc-root=\"c\" data-sfc-cb=\"\" data-complete=\"true\">werk(t)raum33<\/strong>.<\/span><\/li>\n<\/ul>\n<div class=\"Y3BBE\" data-sfc-cp=\"\" data-sfc-root=\"c\" data-sfc-cb=\"\" data-hveid=\"CAEIBhAA\" data-complete=\"true\" data-processed=\"true\" aria-owns=\"action-menu-parent-container\">Mache dein Geschenk unvergesslich \u2013 perfekt f\u00fcr Patenkinder, Freunde oder das n\u00e4chste Familienfest!<\/div>\n","protected":false},"featured_media":1296,"comment_status":"open","ping_status":"closed","template":"","meta":[],"product_brand":[],"product_cat":[25,94],"product_tag":[252,251],"class_list":{"0":"post-1295","1":"product","2":"type-product","3":"status-publish","4":"has-post-thumbnail","6":"product_cat-accessoires","7":"product_cat-saisonales","8":"product_tag-baumwoll-ostersackerl-klein","9":"product_tag-baumwoll-ostersackler-mit-wunschtext","10":"product_shipping_class-versandtasche_textil","12":"first","13":"instock","14":"shipping-taxable","15":"purchasable","16":"product-type-variable"},"aioseo_notices":[],"_links":{"self":[{"href":"https:\/\/werktraum33.at\/shop\/wp-json\/wp\/v2\/product\/1295","targetHints":{"allow":["GET"]}}],"collection":[{"href":"https:\/\/werktraum33.at\/shop\/wp-json\/wp\/v2\/product"}],"about":[{"href":"https:\/\/werktraum33.at\/shop\/wp-json\/wp\/v2\/types\/product"}],"replies":[{"embeddable":true,"href":"https:\/\/werktraum33.at\/shop\/wp-json\/wp\/v2\/comments?post=1295"}],"wp:featuredmedia":[{"embeddable":true,"href":"https:\/\/werktraum33.at\/shop\/wp-json\/wp\/v2\/media\/1296"}],"wp:attachment":[{"href":"https:\/\/werktraum33.at\/shop\/wp-json\/wp\/v2\/media?parent=1295"}],"wp:term":[{"taxonomy":"product_brand","embeddable":true,"href":"https:\/\/werktraum33.at\/shop\/wp-json\/wp\/v2\/product_brand?post=1295"},{"taxonomy":"product_cat","embeddable":true,"href":"https:\/\/werktraum33.at\/shop\/wp-json\/wp\/v2\/product_cat?post=1295"},{"taxonomy":"product_tag","embeddable":true,"href":"https:\/\/werktraum33.at\/shop\/wp-json\/wp\/v2\/product_tag?post=1295"}],"curies":[{"name":"wp","href":"https:\/\/api.w.org\/{rel}","templated":true}]}}