{"id":1378,"date":"2026-04-02T19:51:27","date_gmt":"2026-04-02T17:51:27","guid":{"rendered":"https:\/\/werktraum33.at\/shop\/?page_id=1378"},"modified":"2026-04-03T15:13:10","modified_gmt":"2026-04-03T13:13:10","slug":"individuelle-meisterstuecke","status":"publish","type":"page","link":"https:\/\/werktraum33.at\/shop\/individuelle-meisterstuecke\/","title":{"rendered":"Individuelle Meisterst\u00fccke"},"content":{"rendered":"\n<div class=\"wp-block-columns is-layout-flex wp-container-core-columns-is-layout-28f84493 wp-block-columns-is-layout-flex\">\n<div class=\"wp-block-column is-layout-flow wp-block-column-is-layout-flow\"><\/div>\n<\/div>\n\n\n\n<p>Willkommen bei den\u00a0<strong>individuellen Meisterst\u00fccken<\/strong>\u00a0von werktraum33. In unserer Galerie zeigen wir dir eine Auswahl exklusiver Kundenprojekte \u2013 von pr\u00e4zisen Lasergravuren bis hin zu hochwertig beplotteten Textilien. Jedes St\u00fcck erz\u00e4hlt seine eigene Geschichte und wurde mit Liebe zum Detail gefertigt. Lass dich von unseren bisherigen Arbeiten inspirieren und finde die perfekte Idee f\u00fcr dein eigenes, ganz pers\u00f6nliches Unikat.<br><br>Du m\u00f6chtest deine Idee umsetzen &#8211; kontaktiere uns gerne <a href=\"https:\/\/werktraum33.at\/shop\/kontakt\/\" title=\"Kontakt\">hier<\/a>.<\/p>\n\n\n\n<hr class=\"wp-block-separator has-alpha-channel-opacity\"\/>\n\n\n\n<figure class=\"wp-block-gallery has-nested-images columns-default is-cropped wp-block-gallery-1 is-layout-flex wp-block-gallery-is-layout-flex\">\n<figure class=\"wp-block-image size-large is-style-default\"><img loading=\"lazy\" decoding=\"async\" width=\"768\" height=\"1024\" data-id=\"1381\" src=\"https:\/\/werktraum33.at\/shop\/wp-content\/uploads\/2026\/04\/Hemd-Logo-personalisiert-geplottet-768x1024.webp\" alt=\"Individuelle Meisterst\u00fccke - Hemd Logo personalisiert geplottet\" class=\"wp-image-1381\" srcset=\"https:\/\/werktraum33.at\/shop\/wp-content\/uploads\/2026\/04\/Hemd-Logo-personalisiert-geplottet-768x1024.webp 768w, https:\/\/werktraum33.at\/shop\/wp-content\/uploads\/2026\/04\/Hemd-Logo-personalisiert-geplottet-225x300.webp 225w, https:\/\/werktraum33.at\/shop\/wp-content\/uploads\/2026\/04\/Hemd-Logo-personalisiert-geplottet-1152x1536.webp 1152w, https:\/\/werktraum33.at\/shop\/wp-content\/uploads\/2026\/04\/Hemd-Logo-personalisiert-geplottet-600x800.webp 600w, https:\/\/werktraum33.at\/shop\/wp-content\/uploads\/2026\/04\/Hemd-Logo-personalisiert-geplottet.webp 1200w\" sizes=\"auto, (max-width: 768px) 100vw, 768px\" \/><\/figure>\n\n\n\n<figure class=\"wp-block-image size-full\"><img loading=\"lazy\" decoding=\"async\" width=\"619\" height=\"520\" data-id=\"1382\" src=\"https:\/\/werktraum33.at\/shop\/wp-content\/uploads\/2026\/04\/Hemd-Logo-personalisiert-geplottet-Detail.webp\" alt=\"Individuelle Meisterst\u00fccke - Hemd Logo personalisiert geplottet - Detail\" class=\"wp-image-1382\" srcset=\"https:\/\/werktraum33.at\/shop\/wp-content\/uploads\/2026\/04\/Hemd-Logo-personalisiert-geplottet-Detail.webp 619w, https:\/\/werktraum33.at\/shop\/wp-content\/uploads\/2026\/04\/Hemd-Logo-personalisiert-geplottet-Detail-300x252.webp 300w, https:\/\/werktraum33.at\/shop\/wp-content\/uploads\/2026\/04\/Hemd-Logo-personalisiert-geplottet-Detail-600x504.webp 600w\" sizes=\"auto, (max-width: 619px) 100vw, 619px\" \/><figcaption class=\"wp-element-caption\">Hemd mit Logo personalisiert &#8211; geplottet<\/figcaption><\/figure>\n\n\n\n<figure class=\"wp-block-image size-large\"><img loading=\"lazy\" decoding=\"async\" width=\"601\" height=\"1024\" data-id=\"1397\" src=\"https:\/\/werktraum33.at\/shop\/wp-content\/uploads\/2026\/04\/Personalisierter-Plott-auf-Weste-601x1024.webp\" alt=\"Personalisierter Plott auf Weste | werktraum33\" class=\"wp-image-1397\" srcset=\"https:\/\/werktraum33.at\/shop\/wp-content\/uploads\/2026\/04\/Personalisierter-Plott-auf-Weste-601x1024.webp 601w, https:\/\/werktraum33.at\/shop\/wp-content\/uploads\/2026\/04\/Personalisierter-Plott-auf-Weste-176x300.webp 176w, https:\/\/werktraum33.at\/shop\/wp-content\/uploads\/2026\/04\/Personalisierter-Plott-auf-Weste-768x1309.webp 768w, https:\/\/werktraum33.at\/shop\/wp-content\/uploads\/2026\/04\/Personalisierter-Plott-auf-Weste-901x1536.webp 901w, https:\/\/werktraum33.at\/shop\/wp-content\/uploads\/2026\/04\/Personalisierter-Plott-auf-Weste-600x1022.webp 600w, https:\/\/werktraum33.at\/shop\/wp-content\/uploads\/2026\/04\/Personalisierter-Plott-auf-Weste.webp 939w\" sizes=\"auto, (max-width: 601px) 100vw, 601px\" \/><\/figure>\n\n\n\n<figure class=\"wp-block-image size-large\"><img loading=\"lazy\" decoding=\"async\" width=\"768\" height=\"524\" data-id=\"1395\" src=\"https:\/\/werktraum33.at\/shop\/wp-content\/uploads\/2026\/04\/Plektrum-Case-innen-Lasergravur.webp\" alt=\"Plektrum-Case innen Lasergravur | werktraum33\" class=\"wp-image-1395\" srcset=\"https:\/\/werktraum33.at\/shop\/wp-content\/uploads\/2026\/04\/Plektrum-Case-innen-Lasergravur.webp 768w, https:\/\/werktraum33.at\/shop\/wp-content\/uploads\/2026\/04\/Plektrum-Case-innen-Lasergravur-300x205.webp 300w, https:\/\/werktraum33.at\/shop\/wp-content\/uploads\/2026\/04\/Plektrum-Case-innen-Lasergravur-600x409.webp 600w\" sizes=\"auto, (max-width: 768px) 100vw, 768px\" \/><figcaption class=\"wp-element-caption\">Plektrum-Case mit Lasergravur innen<\/figcaption><\/figure>\n<\/figure>\n\n\n\n<figure class=\"wp-block-image size-full\"><img loading=\"lazy\" decoding=\"async\" width=\"1599\" height=\"596\" src=\"https:\/\/werktraum33.at\/shop\/wp-content\/uploads\/2026\/04\/Plektrum-Case-Lasergravur.webp\" alt=\"Plektrum-Case Lasergravur | werktraum33\" class=\"wp-image-1394\" srcset=\"https:\/\/werktraum33.at\/shop\/wp-content\/uploads\/2026\/04\/Plektrum-Case-Lasergravur.webp 1599w, https:\/\/werktraum33.at\/shop\/wp-content\/uploads\/2026\/04\/Plektrum-Case-Lasergravur-300x112.webp 300w, https:\/\/werktraum33.at\/shop\/wp-content\/uploads\/2026\/04\/Plektrum-Case-Lasergravur-1024x382.webp 1024w, https:\/\/werktraum33.at\/shop\/wp-content\/uploads\/2026\/04\/Plektrum-Case-Lasergravur-768x286.webp 768w, https:\/\/werktraum33.at\/shop\/wp-content\/uploads\/2026\/04\/Plektrum-Case-Lasergravur-1536x573.webp 1536w, https:\/\/werktraum33.at\/shop\/wp-content\/uploads\/2026\/04\/Plektrum-Case-Lasergravur-600x224.webp 600w\" sizes=\"auto, (max-width: 1599px) 100vw, 1599px\" \/><figcaption class=\"wp-element-caption\">Plektrum-Case mit Lasergravur<\/figcaption><\/figure>\n\n\n\n<figure class=\"wp-block-gallery has-nested-images columns-default is-cropped wp-block-gallery-2 is-layout-flex wp-block-gallery-is-layout-flex\">\n<figure class=\"wp-block-image size-large\"><img loading=\"lazy\" decoding=\"async\" width=\"1024\" height=\"772\" data-id=\"1402\" src=\"https:\/\/werktraum33.at\/shop\/wp-content\/uploads\/2026\/04\/Tasche-mit-Adler-bestickt-1024x772.webp\" alt=\"Tasche mit Adler bestickt | werktraum33\" class=\"wp-image-1402\" srcset=\"https:\/\/werktraum33.at\/shop\/wp-content\/uploads\/2026\/04\/Tasche-mit-Adler-bestickt-1024x772.webp 1024w, https:\/\/werktraum33.at\/shop\/wp-content\/uploads\/2026\/04\/Tasche-mit-Adler-bestickt-300x226.webp 300w, https:\/\/werktraum33.at\/shop\/wp-content\/uploads\/2026\/04\/Tasche-mit-Adler-bestickt-768x579.webp 768w, https:\/\/werktraum33.at\/shop\/wp-content\/uploads\/2026\/04\/Tasche-mit-Adler-bestickt-600x452.webp 600w, https:\/\/werktraum33.at\/shop\/wp-content\/uploads\/2026\/04\/Tasche-mit-Adler-bestickt.webp 1168w\" sizes=\"auto, (max-width: 1024px) 100vw, 1024px\" \/><figcaption class=\"wp-element-caption\">Tasche mit Adler bestickt<\/figcaption><\/figure>\n\n\n\n<figure class=\"wp-block-image size-large\"><img loading=\"lazy\" decoding=\"async\" width=\"808\" height=\"1024\" data-id=\"1409\" src=\"https:\/\/werktraum33.at\/shop\/wp-content\/uploads\/2026\/04\/Ostereier-Lasergravur-808x1024.jpeg\" alt=\"Ostereier Lasergravur | werktraum33\" class=\"wp-image-1409\" srcset=\"https:\/\/werktraum33.at\/shop\/wp-content\/uploads\/2026\/04\/Ostereier-Lasergravur-808x1024.jpeg 808w, https:\/\/werktraum33.at\/shop\/wp-content\/uploads\/2026\/04\/Ostereier-Lasergravur-237x300.jpeg 237w, https:\/\/werktraum33.at\/shop\/wp-content\/uploads\/2026\/04\/Ostereier-Lasergravur-768x973.jpeg 768w, https:\/\/werktraum33.at\/shop\/wp-content\/uploads\/2026\/04\/Ostereier-Lasergravur-1212x1536.jpeg 1212w, https:\/\/werktraum33.at\/shop\/wp-content\/uploads\/2026\/04\/Ostereier-Lasergravur-600x760.jpeg 600w, https:\/\/werktraum33.at\/shop\/wp-content\/uploads\/2026\/04\/Ostereier-Lasergravur.jpeg 1263w\" sizes=\"auto, (max-width: 808px) 100vw, 808px\" \/><\/figure>\n\n\n\n<figure class=\"wp-block-image size-large\"><img loading=\"lazy\" decoding=\"async\" width=\"576\" height=\"1024\" data-id=\"1388\" src=\"https:\/\/werktraum33.at\/shop\/wp-content\/uploads\/2026\/04\/personalisierter-Kugelschreiber-Lasergravur-576x1024.webp\" alt=\"Individuelle Meisterst\u00fccke - personalisierter Kugelschreiber mit Lasergravur\" class=\"wp-image-1388\" style=\"object-fit:cover\" srcset=\"https:\/\/werktraum33.at\/shop\/wp-content\/uploads\/2026\/04\/personalisierter-Kugelschreiber-Lasergravur-576x1024.webp 576w, https:\/\/werktraum33.at\/shop\/wp-content\/uploads\/2026\/04\/personalisierter-Kugelschreiber-Lasergravur-169x300.webp 169w, https:\/\/werktraum33.at\/shop\/wp-content\/uploads\/2026\/04\/personalisierter-Kugelschreiber-Lasergravur-768x1365.webp 768w, https:\/\/werktraum33.at\/shop\/wp-content\/uploads\/2026\/04\/personalisierter-Kugelschreiber-Lasergravur-864x1536.webp 864w, https:\/\/werktraum33.at\/shop\/wp-content\/uploads\/2026\/04\/personalisierter-Kugelschreiber-Lasergravur-600x1067.webp 600w, https:\/\/werktraum33.at\/shop\/wp-content\/uploads\/2026\/04\/personalisierter-Kugelschreiber-Lasergravur.webp 1080w\" sizes=\"auto, (max-width: 576px) 100vw, 576px\" \/><\/figure>\n<\/figure>\n\n\n\n<figure class=\"wp-block-image size-large\"><img loading=\"lazy\" decoding=\"async\" width=\"1024\" height=\"563\" src=\"https:\/\/werktraum33.at\/shop\/wp-content\/uploads\/2026\/04\/Personalisierter-Kugelschreiber-Logo-Riegler-Dorner-1024x563.webp\" alt=\"personalisierter Kugelschreiber mit Logo Lasergravur\" class=\"wp-image-1392\" srcset=\"https:\/\/werktraum33.at\/shop\/wp-content\/uploads\/2026\/04\/Personalisierter-Kugelschreiber-Logo-Riegler-Dorner-1024x563.webp 1024w, https:\/\/werktraum33.at\/shop\/wp-content\/uploads\/2026\/04\/Personalisierter-Kugelschreiber-Logo-Riegler-Dorner-300x165.webp 300w, https:\/\/werktraum33.at\/shop\/wp-content\/uploads\/2026\/04\/Personalisierter-Kugelschreiber-Logo-Riegler-Dorner-768x422.webp 768w, https:\/\/werktraum33.at\/shop\/wp-content\/uploads\/2026\/04\/Personalisierter-Kugelschreiber-Logo-Riegler-Dorner-600x330.webp 600w, https:\/\/werktraum33.at\/shop\/wp-content\/uploads\/2026\/04\/Personalisierter-Kugelschreiber-Logo-Riegler-Dorner.webp 1425w\" sizes=\"auto, (max-width: 1024px) 100vw, 1024px\" \/><\/figure>\n","protected":false},"excerpt":{"rendered":"<p>Willkommen bei den\u00a0individuellen Meisterst\u00fccken\u00a0von werktraum33. In unserer Galerie zeigen wir dir eine Auswahl exklusiver Kundenprojekte \u2013 von pr\u00e4zisen Lasergravuren bis hin zu hochwertig beplotteten Textilien. Jedes St\u00fcck erz\u00e4hlt seine eigene Geschichte und wurde mit Liebe zum Detail gefertigt. Lass dich von unseren bisherigen Arbeiten inspirieren und finde die perfekte Idee f\u00fcr dein eigenes, ganz pers\u00f6nliches [&hellip;]<\/p>\n","protected":false},"author":3,"featured_media":0,"parent":0,"menu_order":0,"comment_status":"closed","ping_status":"closed","template":"page-with-title","meta":{"footnotes":""},"class_list":["post-1378","page","type-page","status-publish","hentry"],"aioseo_notices":[],"_links":{"self":[{"href":"https:\/\/werktraum33.at\/shop\/wp-json\/wp\/v2\/pages\/1378","targetHints":{"allow":["GET"]}}],"collection":[{"href":"https:\/\/werktraum33.at\/shop\/wp-json\/wp\/v2\/pages"}],"about":[{"href":"https:\/\/werktraum33.at\/shop\/wp-json\/wp\/v2\/types\/page"}],"author":[{"embeddable":true,"href":"https:\/\/werktraum33.at\/shop\/wp-json\/wp\/v2\/users\/3"}],"replies":[{"embeddable":true,"href":"https:\/\/werktraum33.at\/shop\/wp-json\/wp\/v2\/comments?post=1378"}],"version-history":[{"count":11,"href":"https:\/\/werktraum33.at\/shop\/wp-json\/wp\/v2\/pages\/1378\/revisions"}],"predecessor-version":[{"id":1410,"href":"https:\/\/werktraum33.at\/shop\/wp-json\/wp\/v2\/pages\/1378\/revisions\/1410"}],"wp:attachment":[{"href":"https:\/\/werktraum33.at\/shop\/wp-json\/wp\/v2\/media?parent=1378"}],"curies":[{"name":"wp","href":"https:\/\/api.w.org\/{rel}","templated":true}]}}